{"id":82,"date":"2025-04-08T19:21:20","date_gmt":"2025-04-08T17:21:20","guid":{"rendered":"https:\/\/lequipedesante.com\/?page_id=82"},"modified":"2025-04-15T01:20:35","modified_gmt":"2025-04-14T23:20:35","slug":"contact","status":"publish","type":"page","link":"https:\/\/lequipedesante.com\/?page_id=82","title":{"rendered":"Contact"},"content":{"rendered":"\t\t<div data-elementor-type=\"wp-page\" data-elementor-id=\"82\" class=\"elementor elementor-82\" data-elementor-post-type=\"page\">\n\t\t\t\t\t\t<section class=\"elementor-section elementor-top-section elementor-element elementor-element-bd716de elementor-section-boxed elementor-section-height-default elementor-section-height-default\" data-id=\"bd716de\" data-element_type=\"section\" data-settings=\"{&quot;background_background&quot;:&quot;classic&quot;}\">\n\t\t\t\t\t\t<div class=\"elementor-container elementor-column-gap-no\">\n\t\t\t\t\t<div class=\"elementor-column elementor-col-100 elementor-top-column elementor-element elementor-element-59b9cb6\" data-id=\"59b9cb6\" data-element_type=\"column\">\n\t\t\t<div class=\"elementor-widget-wrap elementor-element-populated\">\n\t\t\t\t\t\t<div class=\"elementor-element elementor-element-40cc234 elementor-widget elementor-widget-heading\" data-id=\"40cc234\" data-element_type=\"widget\" data-widget_type=\"heading.default\">\n\t\t\t\t<div class=\"elementor-widget-container\">\n\t\t\t\t\t<h1 class=\"elementor-heading-title elementor-size-default\">Contact<\/h1>\t\t\t\t<\/div>\n\t\t\t\t<\/div>\n\t\t\t\t\t<\/div>\n\t\t<\/div>\n\t\t\t\t\t<\/div>\n\t\t<\/section>\n\t\t<div class=\"elementor-element elementor-element-1d2c03d e-con-full e-flex e-con e-parent\" data-id=\"1d2c03d\" data-element_type=\"container\">\n\t\t\t\t<div class=\"elementor-element elementor-element-1c327cd elementor-align-center elementor-fixed elementor-widget elementor-widget-button\" data-id=\"1c327cd\" data-element_type=\"widget\" data-settings=\"{&quot;_position&quot;:&quot;fixed&quot;}\" data-widget_type=\"button.default\">\n\t\t\t\t<div class=\"elementor-widget-container\">\n\t\t\t\t\t\t\t\t\t<div class=\"elementor-button-wrapper\">\n\t\t\t\t\t<a class=\"elementor-button elementor-button-link elementor-size-sm\" href=\"tel:0770069399\">\n\t\t\t\t\t\t<span class=\"elementor-button-content-wrapper\">\n\t\t\t\t\t\t<span class=\"elementor-button-icon\">\n\t\t\t\t<svg aria-hidden=\"true\" class=\"e-font-icon-svg e-fas-phone-alt\" viewBox=\"0 0 512 512\" xmlns=\"http:\/\/www.w3.org\/2000\/svg\"><path d=\"M497.39 361.8l-112-48a24 24 0 0 0-28 6.9l-49.6 60.6A370.66 370.66 0 0 1 130.6 204.11l60.6-49.6a23.94 23.94 0 0 0 6.9-28l-48-112A24.16 24.16 0 0 0 122.6.61l-104 24A24 24 0 0 0 0 48c0 256.5 207.9 464 464 464a24 24 0 0 0 23.4-18.6l24-104a24.29 24.29 0 0 0-14.01-27.6z\"><\/path><\/svg>\t\t\t<\/span>\n\t\t\t\t\t\t\t\t\t<span class=\"elementor-button-text\">Appelez-Nous<\/span>\n\t\t\t\t\t<\/span>\n\t\t\t\t\t<\/a>\n\t\t\t\t<\/div>\n\t\t\t\t\t\t\t\t<\/div>\n\t\t\t\t<\/div>\n\t\t\t\t<div class=\"elementor-element elementor-element-b05ef06 elementor-align-center elementor-fixed elementor-widget elementor-widget-button\" data-id=\"b05ef06\" data-element_type=\"widget\" data-settings=\"{&quot;_position&quot;:&quot;fixed&quot;}\" data-widget_type=\"button.default\">\n\t\t\t\t<div class=\"elementor-widget-container\">\n\t\t\t\t\t\t\t\t\t<div class=\"elementor-button-wrapper\">\n\t\t\t\t\t<a class=\"elementor-button elementor-button-link elementor-size-sm\" href=\"https:\/\/wa.me\/213560265246\">\n\t\t\t\t\t\t<span class=\"elementor-button-content-wrapper\">\n\t\t\t\t\t\t<span class=\"elementor-button-icon\">\n\t\t\t\t<svg aria-hidden=\"true\" class=\"e-font-icon-svg e-fab-whatsapp\" viewBox=\"0 0 448 512\" xmlns=\"http:\/\/www.w3.org\/2000\/svg\"><path d=\"M380.9 97.1C339 55.1 283.2 32 223.9 32c-122.4 0-222 99.6-222 222 0 39.1 10.2 77.3 29.6 111L0 480l117.7-30.9c32.4 17.7 68.9 27 106.1 27h.1c122.3 0 224.1-99.6 224.1-222 0-59.3-25.2-115-67.1-157zm-157 341.6c-33.2 0-65.7-8.9-94-25.7l-6.7-4-69.8 18.3L72 359.2l-4.4-7c-18.5-29.4-28.2-63.3-28.2-98.2 0-101.7 82.8-184.5 184.6-184.5 49.3 0 95.6 19.2 130.4 54.1 34.8 34.9 56.2 81.2 56.1 130.5 0 101.8-84.9 184.6-186.6 184.6zm101.2-138.2c-5.5-2.8-32.8-16.2-37.9-18-5.1-1.9-8.8-2.8-12.5 2.8-3.7 5.6-14.3 18-17.6 21.8-3.2 3.7-6.5 4.2-12 1.4-32.6-16.3-54-29.1-75.5-66-5.7-9.8 5.7-9.1 16.3-30.3 1.8-3.7.9-6.9-.5-9.7-1.4-2.8-12.5-30.1-17.1-41.2-4.5-10.8-9.1-9.3-12.5-9.5-3.2-.2-6.9-.2-10.6-.2-3.7 0-9.7 1.4-14.8 6.9-5.1 5.6-19.4 19-19.4 46.3 0 27.3 19.9 53.7 22.6 57.4 2.8 3.7 39.1 59.7 94.8 83.8 35.2 15.2 49 16.5 66.6 13.9 10.7-1.6 32.8-13.4 37.4-26.4 4.6-13 4.6-24.1 3.2-26.4-1.3-2.5-5-3.9-10.5-6.6z\"><\/path><\/svg>\t\t\t<\/span>\n\t\t\t\t\t\t\t\t\t<span class=\"elementor-button-text\">Contactez-Nous<\/span>\n\t\t\t\t\t<\/span>\n\t\t\t\t\t<\/a>\n\t\t\t\t<\/div>\n\t\t\t\t\t\t\t\t<\/div>\n\t\t\t\t<\/div>\n\t\t\t\t<\/div>\n\t\t\t\t<section class=\"elementor-section elementor-top-section elementor-element elementor-element-853e15e elementor-section-boxed elementor-section-height-default elementor-section-height-default\" data-id=\"853e15e\" data-element_type=\"section\" id=\"contact\" data-settings=\"{&quot;background_background&quot;:&quot;classic&quot;}\">\n\t\t\t\t\t\t<div class=\"elementor-container elementor-column-gap-no\">\n\t\t\t\t\t<div class=\"elementor-column elementor-col-33 elementor-top-column elementor-element elementor-element-883acf2 elementor-invisible\" data-id=\"883acf2\" data-element_type=\"column\" data-settings=\"{&quot;animation&quot;:&quot;fadeInLeft&quot;}\">\n\t\t\t<div class=\"elementor-widget-wrap elementor-element-populated\">\n\t\t\t\t\t\t<div class=\"elementor-element elementor-element-8fd5c92 eael-infobox-content-align--left elementor-widget__width-initial eael-infobox-shape-square eael-infobox-hover-img-shape-square elementor-widget elementor-widget-eael-info-box\" data-id=\"8fd5c92\" data-element_type=\"widget\" data-widget_type=\"eael-info-box.default\">\n\t\t\t\t<div class=\"elementor-widget-container\">\n\t\t\t\t\t        <div class=\"eael-infobox icon-on-left\">\n\t            <div class=\"infobox-icon\">\n\n                            <img decoding=\"async\" src=\"https:\/\/lequipedesante.com\/wp-content\/uploads\/2024\/03\/3dbb8b39-map-1.png\" alt=\"\">\n            \n            \n            \n        <\/div>\n            <div class=\"infobox-content\">\n                    <div class=\"infobox-title-section\">\n                <h2 class=\"title\">Adresse<\/h2>            <\/div>\n            <div><p>Coop\u00e9rative Elislahat (Zonka) n\u00a0\u00bb16 Gu\u00e9 De Constantine Alger<\/p><\/div>        <\/div>\n            <\/div>\n\n\t\t\t\t\t\t<\/div>\n\t\t\t\t<\/div>\n\t\t\t\t\t<\/div>\n\t\t<\/div>\n\t\t\t\t<div class=\"elementor-column elementor-col-33 elementor-top-column elementor-element elementor-element-bd03544 elementor-invisible\" data-id=\"bd03544\" data-element_type=\"column\" data-settings=\"{&quot;animation&quot;:&quot;zoomIn&quot;}\">\n\t\t\t<div class=\"elementor-widget-wrap elementor-element-populated\">\n\t\t\t\t\t\t<div class=\"elementor-element elementor-element-fa71edf eael-infobox-content-align--left eael-infobox-shape-square eael-infobox-hover-img-shape-square elementor-widget elementor-widget-eael-info-box\" data-id=\"fa71edf\" data-element_type=\"widget\" data-widget_type=\"eael-info-box.default\">\n\t\t\t\t<div class=\"elementor-widget-container\">\n\t\t\t\t\t        <div class=\"eael-infobox icon-on-left\">\n\t            <div class=\"infobox-icon\">\n\n                            <img decoding=\"async\" src=\"https:\/\/lequipedesante.com\/wp-content\/uploads\/2024\/03\/3dbb8b39-email-1.png\" alt=\"\">\n            \n            \n            \n        <\/div>\n            <div class=\"infobox-content\">\n                    <div class=\"infobox-title-section\">\n                <h2 class=\"title\">Adresse Mail<\/h2>            <\/div>\n            <div><p>contact@lequipedesante.com <br \/>lequipedesante@gmail.com<\/p><\/div>        <\/div>\n            <\/div>\n\n\t\t\t\t\t\t<\/div>\n\t\t\t\t<\/div>\n\t\t\t\t\t<\/div>\n\t\t<\/div>\n\t\t\t\t<div class=\"elementor-column elementor-col-33 elementor-top-column elementor-element elementor-element-e022bf6 elementor-invisible\" data-id=\"e022bf6\" data-element_type=\"column\" data-settings=\"{&quot;animation&quot;:&quot;fadeInRight&quot;}\">\n\t\t\t<div class=\"elementor-widget-wrap elementor-element-populated\">\n\t\t\t\t\t\t<div class=\"elementor-element elementor-element-65da04c eael-infobox-shape-square eael-infobox-hover-img-shape-square elementor-widget elementor-widget-eael-info-box\" data-id=\"65da04c\" data-element_type=\"widget\" data-widget_type=\"eael-info-box.default\">\n\t\t\t\t<div class=\"elementor-widget-container\">\n\t\t\t\t\t        <div class=\"eael-infobox icon-on-left\">\n\t            <div class=\"infobox-icon\">\n\n                            <img decoding=\"async\" src=\"https:\/\/lequipedesante.com\/wp-content\/uploads\/2024\/03\/97611a83-mobile-1.png\" alt=\"\">\n            \n            \n            \n        <\/div>\n            <div class=\"infobox-content\">\n                    <div class=\"infobox-title-section\">\n                <h2 class=\"title\">T\u00e9l\u00e9phone<\/h2>            <\/div>\n            <div><p>+213 770 069 399<br \/>+213 560 265 246<\/p><\/div>        <\/div>\n            <\/div>\n\n\t\t\t\t\t\t<\/div>\n\t\t\t\t<\/div>\n\t\t\t\t\t<\/div>\n\t\t<\/div>\n\t\t\t\t\t<\/div>\n\t\t<\/section>\n\t\t\t\t<section class=\"elementor-section elementor-top-section elementor-element elementor-element-5bacbfc elementor-section-full_width elementor-section-height-default elementor-section-height-default\" data-id=\"5bacbfc\" data-element_type=\"section\">\n\t\t\t\t\t\t<div class=\"elementor-container elementor-column-gap-no\">\n\t\t\t\t\t<div class=\"elementor-column elementor-col-100 elementor-top-column elementor-element elementor-element-6a1648a\" data-id=\"6a1648a\" data-element_type=\"column\">\n\t\t\t<div class=\"elementor-widget-wrap elementor-element-populated\">\n\t\t\t\t\t\t<div class=\"elementor-element elementor-element-5228597 elementor-widget elementor-widget-google_maps\" data-id=\"5228597\" data-element_type=\"widget\" data-widget_type=\"google_maps.default\">\n\t\t\t\t<div class=\"elementor-widget-container\">\n\t\t\t\t\t\t\t<div class=\"elementor-custom-embed\">\n\t\t\t<iframe loading=\"lazy\"\n\t\t\t\t\tsrc=\"https:\/\/maps.google.com\/maps?q=L%27Equipe%20de%20sant%C3%A9&#038;t=m&#038;z=13&#038;output=embed&#038;iwloc=near\"\n\t\t\t\t\ttitle=\"L&#039;Equipe de sant\u00e9\"\n\t\t\t\t\taria-label=\"L&#039;Equipe de sant\u00e9\"\n\t\t\t><\/iframe>\n\t\t<\/div>\n\t\t\t\t\t\t<\/div>\n\t\t\t\t<\/div>\n\t\t\t\t\t<\/div>\n\t\t<\/div>\n\t\t\t\t\t<\/div>\n\t\t<\/section>\n\t\t\t\t<section class=\"elementor-section elementor-top-section elementor-element elementor-element-0da767f elementor-section-boxed elementor-section-height-default elementor-section-height-default elementor-invisible\" data-id=\"0da767f\" data-element_type=\"section\" data-settings=\"{&quot;animation&quot;:&quot;fadeInLeft&quot;}\">\n\t\t\t\t\t\t<div class=\"elementor-container elementor-column-gap-no\">\n\t\t\t\t\t<div class=\"elementor-column elementor-col-100 elementor-top-column elementor-element elementor-element-0488031\" data-id=\"0488031\" data-element_type=\"column\">\n\t\t\t<div class=\"elementor-widget-wrap elementor-element-populated\">\n\t\t\t\t\t\t<div class=\"elementor-element elementor-element-f6f12ff elementor-invisible elementor-widget elementor-widget-heading\" data-id=\"f6f12ff\" data-element_type=\"widget\" data-settings=\"{&quot;_animation&quot;:&quot;fadeInUp&quot;}\" data-widget_type=\"heading.default\">\n\t\t\t\t<div class=\"elementor-widget-container\">\n\t\t\t\t\t<h2 class=\"elementor-heading-title elementor-size-default\">Avez Vous des Questions? Posez les ici ! <\/h2>\t\t\t\t<\/div>\n\t\t\t\t<\/div>\n\t\t\t\t\t<\/div>\n\t\t<\/div>\n\t\t\t\t\t<\/div>\n\t\t<\/section>\n\t\t<div class=\"elementor-element elementor-element-84d3f24 e-con-full e-flex e-con e-parent\" data-id=\"84d3f24\" data-element_type=\"container\">\n\t\t\t\t<div class=\"elementor-element elementor-element-60280b6 eael-contact-form-7-button-align-center eael-contact-form-7-button-custom elementor-invisible elementor-widget elementor-widget-eael-contact-form-7\" data-id=\"60280b6\" data-element_type=\"widget\" data-settings=\"{&quot;_animation&quot;:&quot;slideInUp&quot;}\" data-widget_type=\"eael-contact-form-7.default\">\n\t\t\t\t<div class=\"elementor-widget-container\">\n\t\t\t\t\t<div class=\"eael-contact-form-7-wrapper\">\n                <div class=\"eael-contact-form eael-contact-form-7 eael-contact-form-60280b6 placeholder-show eael-contact-form-align-default\">\n<div class=\"wpcf7 no-js\" id=\"wpcf7-f293-o1\" lang=\"fr-FR\" dir=\"ltr\" data-wpcf7-id=\"293\">\n<div class=\"screen-reader-response\"><p role=\"status\" aria-live=\"polite\" aria-atomic=\"true\"><\/p> <ul><\/ul><\/div>\n<form action=\"\/index.php?rest_route=%2Fwp%2Fv2%2Fpages%2F82#wpcf7-f293-o1\" method=\"post\" class=\"wpcf7-form init\" aria-label=\"Formulaire de contact\" novalidate=\"novalidate\" data-status=\"init\">\n<div style=\"display: none;\">\n<input type=\"hidden\" name=\"_wpcf7\" value=\"293\" \/>\n<input type=\"hidden\" name=\"_wpcf7_version\" value=\"6.0.6\" \/>\n<input type=\"hidden\" name=\"_wpcf7_locale\" value=\"fr_FR\" \/>\n<input type=\"hidden\" name=\"_wpcf7_unit_tag\" value=\"wpcf7-f293-o1\" \/>\n<input type=\"hidden\" name=\"_wpcf7_container_post\" value=\"0\" \/>\n<input type=\"hidden\" name=\"_wpcf7_posted_data_hash\" value=\"\" \/>\n<\/div>\n<p><label> \ud83d\udc64 Nom complet *<br \/>\n<span class=\"wpcf7-form-control-wrap\" data-name=\"your-name\"><input size=\"40\" maxlength=\"400\" class=\"wpcf7-form-control wpcf7-text wpcf7-validates-as-required\" aria-required=\"true\" aria-invalid=\"false\" placeholder=\"Entrez votre nom complet\" value=\"\" type=\"text\" name=\"your-name\" \/><\/span> <\/label>\n<\/p>\n<p><label> \ud83d\udce7 Adresse e-mail *<br \/>\n<span class=\"wpcf7-form-control-wrap\" data-name=\"your-email\"><input size=\"40\" maxlength=\"400\" class=\"wpcf7-form-control wpcf7-email wpcf7-validates-as-required wpcf7-text wpcf7-validates-as-email\" aria-required=\"true\" aria-invalid=\"false\" placeholder=\"Entrez votre adresse e-mail\" value=\"\" type=\"email\" name=\"your-email\" \/><\/span> <\/label>\n<\/p>\n<p><label> \ud83d\udcde Num\u00e9ro de t\u00e9l\u00e9phone<br \/>\n<span class=\"wpcf7-form-control-wrap\" data-name=\"your-phone\"><input size=\"40\" maxlength=\"400\" class=\"wpcf7-form-control wpcf7-tel wpcf7-text wpcf7-validates-as-tel\" aria-invalid=\"false\" placeholder=\"Votre num\u00e9ro de t\u00e9l\u00e9phone (facultatif)\" value=\"\" type=\"tel\" name=\"your-phone\" \/><\/span> <\/label>\n<\/p>\n<p><label> \ud83d\udcdd Sujet *<br \/>\n<span class=\"wpcf7-form-control-wrap\" data-name=\"your-subject\"><input size=\"40\" maxlength=\"400\" class=\"wpcf7-form-control wpcf7-text wpcf7-validates-as-required\" aria-required=\"true\" aria-invalid=\"false\" placeholder=\"Objet de votre message\" value=\"\" type=\"text\" name=\"your-subject\" \/><\/span> <\/label>\n<\/p>\n<p><label> \u2709\ufe0f Message *<br \/>\n<span class=\"wpcf7-form-control-wrap\" data-name=\"your-message\"><textarea cols=\"40\" rows=\"10\" maxlength=\"2000\" class=\"wpcf7-form-control wpcf7-textarea wpcf7-validates-as-required\" aria-required=\"true\" aria-invalid=\"false\" placeholder=\"\u00c9crivez votre message ici...\" name=\"your-message\"><\/textarea><\/span> <\/label>\n<\/p>\n<p><input class=\"wpcf7-form-control wpcf7-submit has-spinner\" type=\"submit\" value=\"\ud83d\udce8 Envoyer le message\" \/>\n<\/p><div class=\"wpcf7-response-output\" aria-hidden=\"true\"><\/div>\n<\/form>\n<\/div>\n<\/div>\n            <\/div>\t\t\t\t<\/div>\n\t\t\t\t<\/div>\n\t\t\t\t<\/div>\n\t\t\t\t<\/div>\n\t\t","protected":false},"excerpt":{"rendered":"<p>Contact Appelez-Nous Contactez-Nous Adresse Coop\u00e9rative Elislahat (Zonka) n&#8221;16 Gu\u00e9 De Constantine Alger Adresse Mail contact@lequipedesante.com lequipedesante@gmail.com T\u00e9l\u00e9phone +213 770 069 399+213 560 265 246 Avez Vous des Questions? Posez les ici ! \ud83d\udc64 Nom complet * \ud83d\udce7 Adresse e-mail * \ud83d\udcde Num\u00e9ro de t\u00e9l\u00e9phone \ud83d\udcdd Sujet * \u2709\ufe0f Message *<\/p>\n","protected":false},"author":1,"featured_media":0,"parent":0,"menu_order":0,"comment_status":"closed","ping_status":"closed","template":"elementor_header_footer","meta":{"footnotes":""},"class_list":["post-82","page","type-page","status-publish","hentry"],"yoast_head":"<!-- This site is optimized with the Yoast SEO plugin v24.8.1 - https:\/\/yoast.com\/wordpress\/plugins\/seo\/ -->\n<title>Contact - L&#039;Equipe De Sant\u00e9<\/title>\n<meta name=\"robots\" content=\"index, follow, max-snippet:-1, max-image-preview:large, max-video-preview:-1\" \/>\n<link rel=\"canonical\" href=\"https:\/\/lequipedesante.com\/?page_id=82\" \/>\n<meta property=\"og:locale\" content=\"fr_FR\" \/>\n<meta property=\"og:type\" content=\"article\" \/>\n<meta property=\"og:title\" content=\"Contact - L&#039;Equipe De Sant\u00e9\" \/>\n<meta property=\"og:description\" content=\"Contact Appelez-Nous Contactez-Nous Adresse Coop\u00e9rative Elislahat (Zonka) n&#8221;16 Gu\u00e9 De Constantine Alger Adresse Mail contact@lequipedesante.com lequipedesante@gmail.com T\u00e9l\u00e9phone +213 770 069 399+213 560 265 246 Avez Vous des Questions? Posez les ici ! \ud83d\udc64 Nom complet * \ud83d\udce7 Adresse e-mail * \ud83d\udcde Num\u00e9ro de t\u00e9l\u00e9phone \ud83d\udcdd Sujet * \u2709\ufe0f Message *\" \/>\n<meta property=\"og:url\" content=\"https:\/\/lequipedesante.com\/?page_id=82\" \/>\n<meta property=\"og:site_name\" content=\"L&#039;Equipe De Sant\u00e9\" \/>\n<meta property=\"article:publisher\" content=\"https:\/\/www.facebook.com\/profile.php?id=61550730377286\" \/>\n<meta property=\"article:modified_time\" content=\"2025-04-14T23:20:35+00:00\" \/>\n<meta property=\"og:image\" content=\"https:\/\/lequipedesante.com\/wp-content\/uploads\/2024\/03\/3dbb8b39-map-1.png\" \/>\n<meta name=\"twitter:card\" content=\"summary_large_image\" \/>\n<script type=\"application\/ld+json\" class=\"yoast-schema-graph\">{\"@context\":\"https:\/\/schema.org\",\"@graph\":[{\"@type\":\"WebPage\",\"@id\":\"https:\/\/lequipedesante.com\/?page_id=82\",\"url\":\"https:\/\/lequipedesante.com\/?page_id=82\",\"name\":\"Contact - L&#039;Equipe De Sant\u00e9\",\"isPartOf\":{\"@id\":\"https:\/\/lequipedesante.com\/#website\"},\"primaryImageOfPage\":{\"@id\":\"https:\/\/lequipedesante.com\/?page_id=82#primaryimage\"},\"image\":{\"@id\":\"https:\/\/lequipedesante.com\/?page_id=82#primaryimage\"},\"thumbnailUrl\":\"https:\/\/lequipedesante.com\/wp-content\/uploads\/2024\/03\/3dbb8b39-map-1.png\",\"datePublished\":\"2025-04-08T17:21:20+00:00\",\"dateModified\":\"2025-04-14T23:20:35+00:00\",\"breadcrumb\":{\"@id\":\"https:\/\/lequipedesante.com\/?page_id=82#breadcrumb\"},\"inLanguage\":\"fr-FR\",\"potentialAction\":[{\"@type\":\"ReadAction\",\"target\":[\"https:\/\/lequipedesante.com\/?page_id=82\"]}]},{\"@type\":\"ImageObject\",\"inLanguage\":\"fr-FR\",\"@id\":\"https:\/\/lequipedesante.com\/?page_id=82#primaryimage\",\"url\":\"https:\/\/lequipedesante.com\/wp-content\/uploads\/2024\/03\/3dbb8b39-map-1.png\",\"contentUrl\":\"https:\/\/lequipedesante.com\/wp-content\/uploads\/2024\/03\/3dbb8b39-map-1.png\",\"width\":62,\"height\":70},{\"@type\":\"BreadcrumbList\",\"@id\":\"https:\/\/lequipedesante.com\/?page_id=82#breadcrumb\",\"itemListElement\":[{\"@type\":\"ListItem\",\"position\":1,\"name\":\"Accueil\",\"item\":\"https:\/\/lequipedesante.com\/\"},{\"@type\":\"ListItem\",\"position\":2,\"name\":\"Contact\"}]},{\"@type\":\"WebSite\",\"@id\":\"https:\/\/lequipedesante.com\/#website\",\"url\":\"https:\/\/lequipedesante.com\/\",\"name\":\"L'Equipe De Sant\u00e9\",\"description\":\"Service de Soins \u00e0 Domicile\",\"publisher\":{\"@id\":\"https:\/\/lequipedesante.com\/#organization\"},\"potentialAction\":[{\"@type\":\"SearchAction\",\"target\":{\"@type\":\"EntryPoint\",\"urlTemplate\":\"https:\/\/lequipedesante.com\/?s={search_term_string}\"},\"query-input\":{\"@type\":\"PropertyValueSpecification\",\"valueRequired\":true,\"valueName\":\"search_term_string\"}}],\"inLanguage\":\"fr-FR\"},{\"@type\":\"Organization\",\"@id\":\"https:\/\/lequipedesante.com\/#organization\",\"name\":\"L'Equipe De Sant\u00e9\",\"url\":\"https:\/\/lequipedesante.com\/\",\"logo\":{\"@type\":\"ImageObject\",\"inLanguage\":\"fr-FR\",\"@id\":\"https:\/\/lequipedesante.com\/#\/schema\/logo\/image\/\",\"url\":\"https:\/\/lequipedesante.com\/wp-content\/uploads\/2025\/04\/logo-s-1.png\",\"contentUrl\":\"https:\/\/lequipedesante.com\/wp-content\/uploads\/2025\/04\/logo-s-1.png\",\"width\":500,\"height\":500,\"caption\":\"L'Equipe De Sant\u00e9\"},\"image\":{\"@id\":\"https:\/\/lequipedesante.com\/#\/schema\/logo\/image\/\"},\"sameAs\":[\"https:\/\/www.facebook.com\/profile.php?id=61550730377286\",\"https:\/\/www.instagram.com\/lequipedesante\",\"https:\/\/www.tiktok.com\/@lequipe.de.sante\"]}]}<\/script>\n<!-- \/ Yoast SEO plugin. -->","yoast_head_json":{"title":"Contact - L&#039;Equipe De Sant\u00e9","robots":{"index":"index","follow":"follow","max-snippet":"max-snippet:-1","max-image-preview":"max-image-preview:large","max-video-preview":"max-video-preview:-1"},"canonical":"https:\/\/lequipedesante.com\/?page_id=82","og_locale":"fr_FR","og_type":"article","og_title":"Contact - L&#039;Equipe De Sant\u00e9","og_description":"Contact Appelez-Nous Contactez-Nous Adresse Coop\u00e9rative Elislahat (Zonka) n&#8221;16 Gu\u00e9 De Constantine Alger Adresse Mail contact@lequipedesante.com lequipedesante@gmail.com T\u00e9l\u00e9phone +213 770 069 399+213 560 265 246 Avez Vous des Questions? Posez les ici ! \ud83d\udc64 Nom complet * \ud83d\udce7 Adresse e-mail * \ud83d\udcde Num\u00e9ro de t\u00e9l\u00e9phone \ud83d\udcdd Sujet * \u2709\ufe0f Message *","og_url":"https:\/\/lequipedesante.com\/?page_id=82","og_site_name":"L&#039;Equipe De Sant\u00e9","article_publisher":"https:\/\/www.facebook.com\/profile.php?id=61550730377286","article_modified_time":"2025-04-14T23:20:35+00:00","og_image":[{"url":"https:\/\/lequipedesante.com\/wp-content\/uploads\/2024\/03\/3dbb8b39-map-1.png","type":"","width":"","height":""}],"twitter_card":"summary_large_image","schema":{"@context":"https:\/\/schema.org","@graph":[{"@type":"WebPage","@id":"https:\/\/lequipedesante.com\/?page_id=82","url":"https:\/\/lequipedesante.com\/?page_id=82","name":"Contact - L&#039;Equipe De Sant\u00e9","isPartOf":{"@id":"https:\/\/lequipedesante.com\/#website"},"primaryImageOfPage":{"@id":"https:\/\/lequipedesante.com\/?page_id=82#primaryimage"},"image":{"@id":"https:\/\/lequipedesante.com\/?page_id=82#primaryimage"},"thumbnailUrl":"https:\/\/lequipedesante.com\/wp-content\/uploads\/2024\/03\/3dbb8b39-map-1.png","datePublished":"2025-04-08T17:21:20+00:00","dateModified":"2025-04-14T23:20:35+00:00","breadcrumb":{"@id":"https:\/\/lequipedesante.com\/?page_id=82#breadcrumb"},"inLanguage":"fr-FR","potentialAction":[{"@type":"ReadAction","target":["https:\/\/lequipedesante.com\/?page_id=82"]}]},{"@type":"ImageObject","inLanguage":"fr-FR","@id":"https:\/\/lequipedesante.com\/?page_id=82#primaryimage","url":"https:\/\/lequipedesante.com\/wp-content\/uploads\/2024\/03\/3dbb8b39-map-1.png","contentUrl":"https:\/\/lequipedesante.com\/wp-content\/uploads\/2024\/03\/3dbb8b39-map-1.png","width":62,"height":70},{"@type":"BreadcrumbList","@id":"https:\/\/lequipedesante.com\/?page_id=82#breadcrumb","itemListElement":[{"@type":"ListItem","position":1,"name":"Accueil","item":"https:\/\/lequipedesante.com\/"},{"@type":"ListItem","position":2,"name":"Contact"}]},{"@type":"WebSite","@id":"https:\/\/lequipedesante.com\/#website","url":"https:\/\/lequipedesante.com\/","name":"L'Equipe De Sant\u00e9","description":"Service de Soins \u00e0 Domicile","publisher":{"@id":"https:\/\/lequipedesante.com\/#organization"},"potentialAction":[{"@type":"SearchAction","target":{"@type":"EntryPoint","urlTemplate":"https:\/\/lequipedesante.com\/?s={search_term_string}"},"query-input":{"@type":"PropertyValueSpecification","valueRequired":true,"valueName":"search_term_string"}}],"inLanguage":"fr-FR"},{"@type":"Organization","@id":"https:\/\/lequipedesante.com\/#organization","name":"L'Equipe De Sant\u00e9","url":"https:\/\/lequipedesante.com\/","logo":{"@type":"ImageObject","inLanguage":"fr-FR","@id":"https:\/\/lequipedesante.com\/#\/schema\/logo\/image\/","url":"https:\/\/lequipedesante.com\/wp-content\/uploads\/2025\/04\/logo-s-1.png","contentUrl":"https:\/\/lequipedesante.com\/wp-content\/uploads\/2025\/04\/logo-s-1.png","width":500,"height":500,"caption":"L'Equipe De Sant\u00e9"},"image":{"@id":"https:\/\/lequipedesante.com\/#\/schema\/logo\/image\/"},"sameAs":["https:\/\/www.facebook.com\/profile.php?id=61550730377286","https:\/\/www.instagram.com\/lequipedesante","https:\/\/www.tiktok.com\/@lequipe.de.sante"]}]}},"_links":{"self":[{"href":"https:\/\/lequipedesante.com\/index.php?rest_route=\/wp\/v2\/pages\/82","targetHints":{"allow":["GET"]}}],"collection":[{"href":"https:\/\/lequipedesante.com\/index.php?rest_route=\/wp\/v2\/pages"}],"about":[{"href":"https:\/\/lequipedesante.com\/index.php?rest_route=\/wp\/v2\/types\/page"}],"author":[{"embeddable":true,"href":"https:\/\/lequipedesante.com\/index.php?rest_route=\/wp\/v2\/users\/1"}],"replies":[{"embeddable":true,"href":"https:\/\/lequipedesante.com\/index.php?rest_route=%2Fwp%2Fv2%2Fcomments&post=82"}],"version-history":[{"count":22,"href":"https:\/\/lequipedesante.com\/index.php?rest_route=\/wp\/v2\/pages\/82\/revisions"}],"predecessor-version":[{"id":345,"href":"https:\/\/lequipedesante.com\/index.php?rest_route=\/wp\/v2\/pages\/82\/revisions\/345"}],"wp:attachment":[{"href":"https:\/\/lequipedesante.com\/index.php?rest_route=%2Fwp%2Fv2%2Fmedia&parent=82"}],"curies":[{"name":"wp","href":"https:\/\/api.w.org\/{rel}","templated":true}]}}